
-125b
In base 16, what is 1 - -65?
66
In base 4, what is -2311 + -3?
-2320
In base 9, what is -5 - -1027?
1022
In base 15, what is 249 + 0?
249
In base 2, what is -10111000 + 10?
-10110110
In base 7, what is -120 + 26?
-61
In base 11, what is -4 - 43a?
-443
In base 3, what is 12210122 - -12?
12210211
In base 16, what is 12 + 5?
17
In base 7, what is 2506 + 5?
2514
In base 10, what is -58 + 51?
-7
In base 11, what is -5 + -594?
-599
In base 4, what is -2 + 123?
121
In base 9, what is 12 - 23?
-11
In base 8, what is 4 + 335?
341
In base 2, what is 10000 + -10001010?
-1111010
In base 4, what is 13103 - -2?
13111
In base 11, what is -88 - -18?
-70
In base 2, what is 10100011101 + 1100?
10100101001
In base 10, what is 101 + 19?
120
In base 15, what is 4 - -31?
35
In base 9, what is -76 - 6?
-83
In base 3, what is 111 - 11121?
-11010
In base 8, what is 261 + 47?
330
In base 9, what is 287 - 0?
287
In base 10, what is 11 - -574?
585
In base 6, what is 445 - 0?
445
In base 14, what is 4 - -61?
65
In base 11, what is 0 - -334?
334
In base 9, what is 108 - 143?
-34
In base 12, what is -4a - -18?
-32
In base 13, what is -5 - 11?
-16
In base 10, what is -16 - -429?
413
In base 11, what is 8a - -4?
93
In base 2, what is 10111011 + 11?
10111110
In base 5, what is 2030422 - 0?
2030422
In base 15, what is -1 + 48?
47
In base 14, what is 113a + 5?
1141
In base 15, what is a + -12?
-7
In base 15, what is 8 + aa7?
ab0
In base 15, what is -9 + -cc2?
-ccb
In base 10, what is 64 - 11?
53
In base 10, what is 5623 - 3?
5620
In base 7, what is 11 + 11?
22
In base 14, what is -5 - 15?
-1a
In base 13, what is -1 + -62?
-63
In base 3, what is -201201 + -12?
-201220
In base 16, what is -1 - -88?
87
In base 2, what is -1111010001 - 1010?
-1111011011
In base 11, what is -2 - 5?
-7
In base 3, what is -20101002 - 0?
-20101002
In base 16, what is -9 + 1a6?
19d
In base 4, what is -1 - 223021?
-223022
In base 13, what is -cc + -5?
-104
In base 11, what is 8 - -157?
164
In base 12, what is -6a8 + -1?
-6a9
In base 13, what is 1b8 + -2?
1b6
In base 9, what is -245 - -15?
-230
In base 16, what is 3247 + 0?
3247
In base 14, what is 13251 + -5?
1324a
In base 12, what is -44 - -3?
-41
In base 10, what is -5 + -819?
-824
In base 11, what is -1312 - -2?
-1310
In base 12, what is -17 + -5?
-20
In base 15, what is 0 - 5b?
-5b
In base 3, what is 0 + 2?
2
In base 11, what is -2 - -26?
24
In base 4, what is -10 - 10200?
-10210
In base 2, what is -11 - -100010010?
100001111
In base 15, what is -28 - -20?
-8
In base 5, what is -110 + 10?
-100
In base 11, what is -212 - 0?
-212
In base 15, what is 72 + -4?
6d
In base 11, what is -143 - 10?
-153
In base 9, what is -12 + -126?
-138
In base 5, what is 2 + 1204?
1211
In base 16, what is -2 + -af?
-b1
In base 7, what is 4 - -54?
61
In base 12, what is 4 + -2a?
-26
In base 13, what is -7 + -19?
-23
In base 9, what is -14 - 4?
-18
In base 12, what is -2 + -1?
-3
In base 15, what is -3ca + -4?
-3ce
In base 11, what is a7a - 0?
a7a
In base 3, what is 2111 + -2122?
-11
In base 9, what is 4 + 226?
231
In base 16, what is -1cb + 2?
-1c9
In base 11, what is 102 + 0?
102
In base 9, what is -655 - 3?
-658
In base 16, what is -b - -46?
3b
In base 4, what is 133 - 11?
122
In base 5, what is -1 - 224?
-230
In base 14, what is -a63 - -3?
-a60
In base 4, what is 21 - -10?
31
In base 9, what is -2 + 118?
116
In base 4, what is -21003 + -11?
-21020
In base 4, what is 12 - -1213?
1231
In base 12, what is 101 - 3?
ba
In base 4, what is 1310 + -33?
1211
In base 15, what is 99 - -6?
a0
In base 13, what is 8 - 42?
-37
In base 5, what is 11 + -14?
-3
In base 14, what is -1 + -320?
-321
In base 6, what is -42 - 5?
-51
In base 12, what is -6 + -64?
-6a
In base 14, what is -c0 - -3?
-bb
In base 4, what is -2 + 1021300?
1021232
In base 16, what is -6 + da?
d4
In base 15, what is 8e6 - -1?
8e7
In base 5, what is -310 + 2?
-303
In base 3, what is 1020 - -2102?
10122
In base 8, what is 2 + 2355?
2357
In base 14, what is -171 - -1?
-170
In base 3, what is 22 - -1202101?
1202200
In base 10, what is 20 - 0?
20
In base 12, what is -4 + -544?
-548
In base 12, what is 1 - -163?
164
In base 13, what is 1 - -17b9?
17ba
In base 6, what is 5 - 1133?
-1124
In base 12, what is -528 + -7?
-533
In base 13, what is 1 - -17a?
17b
In base 16, what is -5 - -32c?
327
In base 4, what is -131 + 1013?
222
In base 12, what is -1495 - 3?
-1498
In base 6, what is -135 + -1?
-140
In base 13, what is 82 + 5?
87
In base 7, what is -1 - -324?
323
In base 14, what is -183 - -8?
-179
In base 7, what is 0 + 121?
121
In base 3, what is 12100110 - -2?
12100112
In base 11, what is -46 - 2?
-48
In base 12, what is 10 + -a9?
-99
In base 15, what is 59 + -4?
55
In base 2, what is 1111000110 - 101?
1111000001
In base 13, what is -61 + -2?
-63
In base 13, what is -1 + -34?
-35
In base 13, what is -372 + 2?
-370
In base 6, what is -11244 - 0?
-11244
In base 9, what is -3638 - -4?
-3634
In base 14, what is 164 - -2?
166
In base 11, what is 677 - 4?
673
In base 9, what is 6 - -161?
167
In base 15, what is 4 - -76?
7a
In base 12, what is -7 - 11a?
-125
In base 13, what is 5 - -335?
33a
In base 2, what is 1 - -101100?
101101
In base 14, what is -177d - -3?
-177a
In base 3, what is 212 - -121?
1110
In base 9, what is 35 - -1?
36
In base 13, what is 13 + -2?
11
In base 12, what is -11 - 9b?
-b0
In base 10, what is 1 + -394?
-393
In base 3, what is -220001 + -1021?
-221022
In base 3, what is 1 - 110?
-102
In base 15, what is 1 - -72b?
72c
In base 16, what is -1 - 1e9?
-1ea
In base 13, what is -276 + 3?
-273
In base 4, what is -11000 + 10?
-10330
In base 14, what is -7a6 + -1?
-7a7
In base 5, what is 320 + -223?
42
In base 3, what is -1012211 - -12?
-1012122
In base 7, what is -64 - -6?
-55
In base 8, what is 37 + -2?
35
In base 13, what is 206 - 0?
206
In base 14, what is 5 + 28?
2d
In base 14, what is 12 + 6?
18
In base 6, what is 3 - 3514?
-3511
In base 9, what is 18 - 561?
-542
In base 7, what is -240 + -306?
-546
In base 16, what is -4 - -b92?
b8e
In base 7, what is 626 - -2?
631
In base 3, what is -2211112 - -12?
-2211100
In base 13, what is 3815 - 4?
3811
In base 6, what is 15 - 2015?
-2000
In base 15, what is d4 - -9?
dd
In base 16, what is 5 - 47?
-42
In base 11, what is 3613 + 1?
3614
In base 2, what is 10011110101 - 10110?
10011011111
In base 11, what is 6 - -242?
248
In base 15, what is 22 + -23?
-1
In base 3, what is 1 - -22220?
22221
In base 9, what is 1 + 180?
181
In base 3, what is 21020 + -102?
20211
In base 6, what is -305454 + -3?
-305501
In base 8, what is -222 - 4?
-226
In base 6, what is 1 + 15240?
15241
In base 6, what is -1224 + -1?
-1225
In base 11, what is 3a - -40?
7a
In base 2, what is -11 - 111101?
-1000000
In base 9, what is -7 - -1?
-6
In base 3, what is 101011220 + -10?
101011210
In base 5, what is -243 - 4?
-302
In base 12, what is -94 + -1?
-95
In base 3, what is 1 + 10000?
10001
In base 8, what is -4 + -337?
-343
In base 5, what is -134 - -4?
-130
In base 15, what is -cb5 - 4?
-cb9
In base 8, what is 66 - 5?
61
In base 4, what is 10 + -33220?
-33210
In base 2, what is -101 - -101001101101?
101001101000
In base 16, what is -4 + 82a?
826
In base 13, what is 32 - 11?
21
In base 3, what is 2211000 - 10?
2210220
In base 14, what is -15 - -3?
-12
In base 7, what is 253143 - 2?
253141
In base 13, what is 2796 + 5?
279b
In base 9, what is -7 - -2582?
2574
In base 6, what is -2511 - -2?
-2505
In base 7, what is 1 - -103?
104
In base 8, what is -172 - 122?
-314
In base 10, what is -1049 + 1?
-1048
In base 8, what is -151 - 1?
-152
In base 9, what is -4 - -85?
81
In base 16, what is -380 - 3?
-383
In base 16, what is c - -1?
d
In base 13, what is -1b0 - 0?
-1b0
In base 10, what is -4 + 7?
3
In base 7, what is 102 - 225?
-123
In base 3, what is 12 + -12012221?
-12012202
In base 8, what is 25315 + 5?
25322
In base 2, what is 11010 + -110111?
-11101
In base 16, what is b - 43?
-38
In base 16, what is -3 - -721?
71e
In base 5, what is 1003 + 221?
1224
In base 14, what is -4 - 28?
-2c
In base 3, what is 120 + -1020?
-200
In base 14, what is -29d + -4?
-2a3
In base 8, what is -1 + -201?
-202
In base 7, what is -101 - 10?
-111
In base 10, what is 374 - 10?
364
In base 12, what is 0 - -13?
13
In base 3, wh